der when 45 is divided by 30?
15
What is the remainder when 159 is divided by 18?
15
What is the remainder when 970 is divided by 941?
29
Calculate the remainder when 296 is divided by 50.
46
What is the remainder when 1550 is divided by 84?
38
Calculate the remainder when 488 is divided by 35.
33
Calculate the remainder when 243 is divided by 18.
9
Calculate the remainder when 49 is divided by 1.
0
What is the remainder when 376 is divided by 96?
88
What is the remainder when 557 is divided by 62?
61
Calculate the remainder when 395 is divided by 9.
8
What is the remainder when 20466 is divided by 14?
12
What is the remainder when 1010 is divided by 190?
60
What is the remainder when 115 is divided by 30?
25
Calculate the remainder when 70493 is divided by 93.
92
What is the remainder when 4020 is divided by 33?
27
What is the remainder when 1603 is divided by 269?
258
Calculate the remainder when 2397 is divided by 32.
29
Calculate the remainder when 939 is divided by 291.
66
Calculate the remainder when 2194 is divided by 12.
10
What is the remainder when 460 is divided by 7?
5
Calculate the remainder when 363 is divided by 7.
6
Calculate the remainder when 142 is divided by 98.
44
What is the remainder when 5470 is divided by 36?
34
What is the remainder when 98 is divided by 25?
23
What is the remainder when 97 is divided by 51?
46
What is the remainder when 238 is divided by 124?
114
What is the remainder when 1669 is divided by 555?
4
What is the remainder when 2275 is divided by 41?
20
What is the remainder when 4125 is divided by 1368?
21
Calculate the remainder when 79 is divided by 60.
19
What is the remainder when 649 is divided by 14?
5
What is the remainder when 554 is divided by 12?
2
Calculate the remainder when 1511 is divided by 19.
10
Calculate the remainder when 391 is divided by 49.
48
What is the remainder when 2570 is divided by 284?
14
Calculate the remainder when 539 is divided by 132.
11
Calculate the remainder when 391 is divided by 377.
14
What is the remainder when 411 is divided by 249?
162
What is the remainder when 80 is divided by 28?
24
Calculate the remainder when 7499 is divided by 242.
239
Calculate the remainder when 4965 is divided by 24.
21
Calculate the remainder when 203 is divided by 112.
91
Calculate the remainder when 48 is divided by 15.
3
What is the remainder when 1267 is divided by 44?
35
What is the remainder when 119 is divided by 114?
5
Calculate the remainder when 6128 is divided by 27.
26
What is the remainder when 258 is divided by 88?
82
Calculate the remainder when 11589 is divided by 69.
66
What is the remainder when 447 is divided by 39?
18
What is the remainder when 484 is divided by 178?
128
Calculate the remainder when 316 is divided by 32.
28
Calculate the remainder when 1127 is divided by 113.
110
What is the remainder when 14 is divided by 6?
2
Calculate the remainder when 1112 is divided by 553.
6
Calculate the remainder when 34 is divided by 7.
6
Calculate the remainder when 14099 is divided by 22.
19
Calculate the remainder when 4133 is divided by 47.
44
Calculate the remainder when 714 is divided by 125.
89
What is the remainder when 673 is divided by 17?
10
What is the remainder when 263 is divided by 21?
11
Calculate the remainder when 684 is divided by 21.
12
Calculate the remainder when 386 is divided by 94.
10
Calculate the remainder when 45 is divided by 8.
5
Calculate the remainder when 549 is divided by 181.
6
Calculate the remainder when 1192 is divided by 42.
16
What is the remainder when 94 is divided by 33?
28
Calculate the remainder when 1232 is divided by 394.
50
What is the remainder when 439 is divided by 40?
39
What is the remainder when 228 is divided by 220?
8
What is the remainder when 6908 is divided by 147?
146
What is the remainder when 126 is divided by 67?
59
Calculate the remainder when 66 is divided by 23.
20
Calculate the remainder when 5556 is divided by 16.
4
Calculate the remainder when 437 is divided by 52.
21
What is the remainder when 161 is divided by 28?
21
Calculate the remainder when 792 is divided by 111.
15
What is the remainder when 913 is divided by 84?
73
Calculate the remainder when 875 is divided by 426.
23
Calculate the remainder when 39 is divided by 22.
17
Calculate the remainder when 197 is divided by 68.
61
What is the remainder when 95 is divided by 21?
11
Calculate the remainder when 790 is divided by 391.
8
What is the remainder when 5606 is divided by 55?
51
What is the remainder when 5297 is divided by 35?
12
Calculate the remainder when 461 is divided by 77.
76
What is the remainder when 328 is divided by 239?
89
Calculate the remainder when 650 is divided by 64.
10
What is the remainder when 4414 is divided by 1457?
43
What is the remainder when 1358 is divided by 62?
56
Calculate the remainder when 189 is divided by 32.
29
Calculate the remainder when 45 is divided by 26.
19
Calculate the remainder when 780 is divided by 74.
40
Calculate the remainder when 269 is divided by 18.
17
What is the remainder when 388 is divided by 39?
37
What is the remainder when 171 is divided by 2?
1
What is the remainder when 1004 is divided by 48?
44
Calculate the remainder when 188 is divided by 16.
12
Calculate the remainder when 8969 is divided by 23.
22
Calculate the remainder when 9890 is divided by 34.
30
What is the remainder when 42 is divided by 24?
18
What is the remainder when 142 is divided by 65?
12
What is the remainder when 849 is divided by 48?
33
Calculate the remainder when 466 is divided by 460.
6
What is the remainder when 321 is divided by 60?
21
What is the remainder when 801 is divided by 219?
144
What is the remainder when 237 is divided by 116?
5
Calculate the remainder when 9855 is divided by 176.
175
What is the remainder when 943 is divided by 88?
63
Calculate the remainder when 315 is divided by 65.
55
Calculate the remainder when 1695 is divided by 53.
52
What is the remainder when 466 is divided by 18?
16
What is the remainder when 664 is divided by 209?
37
Calculate the remainder when 450 is divided by 36.
18
What is the remainder when 45 is divided by 43?
2
What is the remainder when 514 is divided by 111?
70
Calculate the remainder when 591 is divided by 43.
32
What is the remainder when 265 is divided by 81?
22
What is the remainder when 362 is divided by 34?
22
What is the remainder when 19 is divided by 11?
8
Calculate the remainder when 262 is divided by 67.
61
What is the remainder when 142 is divided by 11?
10
What is the remainder when 4966 is divided by 22?
16
What is the remainder when 826 is divided by 377?
72
What is the remainder when 2022 is divided by 81?
78
What is the remainder when 105 is divided by 18?
15
Calculate the remainder when 49 is divided by 28.
21
Calculate the remainder when 298 is divided by 23.
22
Calculate the remainder when 635 is divided by 43.
33
Calculate the remainder when 158 is divided by 37.
10
What is the remainder when 11 is divided by 6?
5
Calculate the remainder when 164 is divided by 38.
12
What is the remainder when 1067 is divided by 119?
115
What is the remainder when 2697 is divided by 86?
31
What is the remainder when 253 is divided by 85?
83
What is the remainder when 155 is divided by 12?
11
What is the remainder when 7905 is divided by 59?
58
What is the remainder when 377 is divided by 178?
21
What is the remainder when 638 is divided by 20?
18
Calculate the remainder when 298 is divided by 25.
23
Calculate the remainder when 775 is divided by 29.
21
What is the remainder when 512 is divided by 207?
98
What is the remainder when 3256 is divided by 10?
6
Calculate the remainder when 277 is divided by 44.
13
Calculate the remainder when 97 is divided by 31.
4
What is the remainder when 562 is divided by 285?
277
What is the remainder when 1459 is divided by 10?
9
Calculate the remainder when 1108 is divided by 113.
91
Calculate the remainder when 235 is divided by 82.
71
Calculate the remainder when 484 is divided by 226.
32
What is the remainder when 96 is divided by 42?
12
Calculate the remainder when 13753 is divided by 15.
13
What is the remainder when 213 is divided by 12?
9
What is the remainder when 57 is divided by 38?
19
What is the remai